= -470 + 840. Let n = v - 144. Calculate the remainder when n is divided by 12.
10
Let m(l) = -17*l + 157. Let u(v) = -3*v**3 + 4*v + 8. Let s be u(0). Calculate the remainder when 112 is divided by m(s).
7
Let h = -8 + 14. Let w(z) = -z**3 + 3*z**2 + 26*z - 5. Calculate the remainder when 298 is divided by w(h).
40
What is the remainder when 347 is divided by (-3)/30*-54*210/18?
32
Let s(v) = -v**2 - 3*v + 11. Let w be 0 + (5 + -5)/3. What is the remainder when 140 is divided by s(w)?
8
Let u be (-2)/3*(-7890)/(-20). Let n be 1/((-2)/3 + u/(-390)). Suppose 4*y + 5*r = y + n, 20 = -5*r. What is the remainder when y is divided by 19?
12
Suppose 0 = 6*f - 1 - 41. Suppose 17 = -f*j + 311. Let v(b) = 207*b**2. What is the remainder when v(1) is divided by j?
39
Suppose -3*j - 7 = 2*b - 58, -3*j + 72 = -5*b. Let s(u) = 9*u**2 + 3*u + 11. Calculate the remainder when s(4) is divided by j.
15
Let l(k) = 986*k**2 - 10*k + 9. What is the remainder when l(1) is divided by 26?
23
Calculate the remainder when 898 is divided by (-140)/(-49)*(-882)/(-84).
28
Let c = -67 + 168. Suppose -6*l + 346 = 256. What is the remainder when c is divided by l?
11
Let g(p) = -p**3 + 20*p**2 - 8*p - 72. Let o be 4845/153*(-3)/(-5). What is the remainder when g(o) is divided by 16?
9
Suppose 45*x - 5*p = 49*x - 41, 48 = 4*x + 4*p. Calculate the remainder when 3493 is divided by x.
16
Let f(d) = 10 - 19 - 5*d - 52. What is the remainder when 18 is divided by f(-13)?
2
Calculate the remainder when 1552 is divided by (3507/(-105) - -47)/((-4)/(-90)).
22
Suppose 22*u = 19*u + 3*f + 57, 0 = u + 3*f - 27. Calculate the remainder when (-1364)/(-6) + 16/24 is divided by u.
18
Suppose -100 - 20 = -2*v. Suppose 7*r + v = 2*r. Let o = r - -70. Calculate the remainder when o is divided by 30.
28
Let o(q) = -18*q**2 - 36*q + 11. Let x be o(-7). Let v = 797 + x. Suppose 2*r - 4*r = -72. Calculate the remainder when v is divided by r.
34
Let c(l) = l**3 + 3. Let j = 19 - 15. Suppose -j*r + 2*r = 0. What is the remainder when c(r) is divided by 1?
0
Let b = -4 - -8. Calculate the remainder when (2292/42)/2 + 10/(-35) is divided by b.
3
Let h(d) = d - 2. Let x be h(4). Suppose 0 = -x*z - 6 + 222. What is the remainder when z is divided by ((-46)/(-8))/((-23)/(-92))?
16
Let w(t) = -t**3 - 37*t**2 - 2*t - 31. Suppose 0*z = 2*z + 2*k + 76, 5*k + 5 = 0. What is the remainder when w(z) is divided by 35?
8
Let q = 140 - 136. Let m = q - -4. Calculate the remainder when 43 is divided by m.
3
Suppose 6*c - 266 = 2*x, -3*c = -0 - 3. Let s = 154 + x. What is the remainder when 74 is divided by s?
2
Let z = 44 + -38. Let k(t) = -3*t + 48. Let j(r) = -r**3 + 7*r**2 - 6*r - 3. What is the remainder when k(z) is divided by j(5)?
13
Suppose -50 = -t - k, 0 = 9*k - 6*k - 9. Calculate the remainder when 1783 is divided by t.
44
Let l(w) = w**2 + 43*w - 299. Let z = -153 - -219. Calculate the remainder when z is divided by l(7).
15
Suppose -15*d + 5370 = 10*d - 10*d. What is the remainder when d is divided by 38?
16
Let i(r) = -4*r + 2. Suppose -4*o + 1086 + 3446 = -4*m, 5*o + m - 5659 = 0. Let s = 1270 - o. Calculate the remainder when s is divided by i(-2).
8
Suppose -9*r + 816 = -7*r + 11*c, r - 356 = c. What is the remainder when r is divided by 165?
34
Let j(u) = -5*u**2 + 3*u - 5. Let t(z) = 4*z**2 - 3*z + 4. Let g(h) = -5*j(h) - 6*t(h). What is the remainder when g(7) is divided by (86/301)/((-16)/(-1456))?
19
Suppose 17*z - o - 14731 = 12*z, 2*z + 4*o = 5910. Calculate the remainder when z is divided by 735.
7
Let r be (-1)/(-2) - 213/(-6). Suppose -7*d + 3*d = -r. Suppose -7710 = -208*p - 122*p + 73*p. Calculate the remainder when p is divided by d.
3
Let s = 19 - -2. Suppose 3*o - 132 - s = 0. What is the remainder when 32 is divided by 629/o - 2/6?
8
Let n(h) = h**2 + 41*h + 404. Let i = -4 + 20. What is the remainder when i is divided by n(-15)?
2
Suppose -192 = -12*d - 11*d + 11*d. Let m(w) = 2*w**3 - 2*w**2 - w + 2. Let z be m(2). Let p = d + z. What is the remainder when p is divided by 14?
10
Let a(q) = -19*q - 53. Suppose -65*h + 69*h + 16 = 0. What is the remainder when a(h) is divided by 12?
11
Suppose -5*d - 2*g = -32378, -831*d + 3*g - 32372 = -836*d. Calculate the remainder when d is divided by 18.
16
Let y(o) = 7*o - 17. Let t be y(4). Suppose 2*h - n = -2*h - t, 5*h + 2*n + 17 = 0. Calculate the remainder when 3*h*(-455)/45 is divided by 19.
15
Suppose 4*z - 2*z = -2*t + 354, 5*t + 4*z = 885. Calculate the remainder when 3538 is divided by t.
175
Let a(s) = 5*s**2 - 111*s + 1077. Calculate the remainder when a(10) is divided by 26.
25
Suppose 0 = 2*f - 52*f - 27078 + 69428. What is the remainder when f is divided by 241?
124
Let r(p) = 73*p**2 + 248*p - 1261. Calculate the remainder when r(5) is divided by 6.
4
Let i(l) = -2*l - 16. Let f be i(-11). Let s be (0 + 2/1)*f/4. Suppose -2 = s*m - 20. Calculate the remainder when 10 is divided by m.
4
What is the remainder when 518/4*1134/147 is divided by 25?
24
Let q = 2804 - 2461. Calculate the remainder when q is divided by 20.
3
Let g be 18/6 - (-9)/(-3). Suppose g = -q - 5*q + 30. Suppose 3*y = 4*y + q*n - 37, 2*n - 76 = -4*y. What is the remainder when 50 is divided by y?
16
Let l be (-5)/(-1) + -3*4/6. Suppose -6 = -l*x + 3. Suppose 2*o - 8 = -2*o, -4*k + x*o = -14. What is the remainder when 6 is divided by k?
1
Let r = 31 + 37. Let i = -15 - 13. Let n = i - -42. Calculate the remainder when r is divided by n.
12
Suppose 54*g - 41*g = -100*g + 4520. What is the remainder when 3596 is divided by g?
36
Let i(f) = -8*f**2 + 256*f + 30. Calculate the remainder when i(16) is divided by 9.
8
Suppose 0*m + 7*m - 14 = 0. Suppose -m*s - 36 = -2*u - 0*s, 3*u = 4*s + 58. Let t = 434 - 428. Calculate the remainder when u is divided by t.
2
Suppose -3*f - 3*h + 21 = 0, f - 3*h = 7 - 8. Calculate the remainder when 49 is divided by 17 + f + -3 + 0.
11
What is the remainder when 222 is divided by (12/(-14) - 1020/1309)*-11?
6
Suppose -457 = 4*l + 175. Let a = -152 - l. What is the remainder when 9 is divided by a?
3
Let n = 4028 - 4026. Suppose -2*r - 2 + 18 = 0. Let c = r - 2. Calculate the remainder when c is divided by n.
0
Let c(u) = -3*u**2 + 70*u - 21. Calculate the remainder when 239 is divided by c(19).
13
Let l(k) = -k + 17. Suppose -5*o - 204 = -o. Let w = 97 + o. Calculate the remainder when w is divided by l(7).
6
Let q = -38038 - -42251. Calculate the remainder when q is divided by 36.
1
Suppose 0 = 2*r - 4*k - 20, 75*r + k = 80*r - 104. Calculate the remainder when 146 is divided by r.
14
Let f(o) = -o + 7. Let h be f(3). Calculate the remainder when -6*((-15)/(-6) - h) is divided by ((-8)/2)/(-4 - -3).
1
Suppose -i + 0*i = -74. Suppose -2*y - 5 = -4*j - 43, -3*y + 5*j + 57 = 0. What is the remainder when i is divided by y?
17
What is the remainder when 639 is divided by (3 - 5)/(174/60 - 3)?
19
Let q = -51 - -90. Suppose -4008 + 1203 = -187*f. What is the remainder when q is divided by f?
9
Suppose 3*g = 5*u - u + 1039, -4*g - 1260 = 5*u. Let r = 301 + u. What is the remainder when r is divided by 35?
10
Suppose 0 = -121*g + 517*g - 16632. What is the remainder when 141 is divided by g?
15
Let m = 81 + 359. Calculate the remainder when 442 is divided by m.
2
Let f(y) = 2*y**2 + 9*y - 3. Let s(v) = -v - 2 - v**3 + 10*v**2 + 3*v - 7*v - 3*v**2. Let n be s(6). What is the remainder when f(n) is divided by 17?
14
Let c(y) = -y**2 + 101*y - 883. What is the remainder when c(19) is divided by 51?
12
Suppose -5*t - 6 = 3*p - 6*p, 0 = -4*t. Suppose -p*d + 3 + 17 = 0. Suppose 5*o = 5*i - 250, -o - 4*o - 5 = 0. What is the remainder when i is divided by d?
9
Suppose -14 - 7 = -4*l - 3*h, 0 = 3*h - 9. Suppose -l*a + 136 = -c + 3*c, -3*c = 5*a - 226. Calculate the remainder when a is divided by 21.
2
What is the remainder when 1/(-14) - 1195800/(-2800) is divided by 36?
31
Let q = -17 + 0. Let p = q - 31. Let c = p - -95. What is the remainder when 185 is divided by c?
44
Let t = -3457 - -3806. What is the remainder when t is divided by 59?
54
Let f(c) = 436*c + 2073. Calculate the remainder when 1646 is divided by f(-4).
1
Suppose 17*a = 8*a + 720. Let h = -126 + 170. Calculate the remainder when a is divided by h.
36
Suppose -l = -7 - 